{"id":39196,"date":"2024-07-25T08:18:48","date_gmt":"2024-07-25T08:18:48","guid":{"rendered":"https:\/\/apapachofest.com\/?page_id=39196"},"modified":"2024-07-25T08:18:50","modified_gmt":"2024-07-25T08:18:50","slug":"gracias-dhyana-dakini","status":"publish","type":"page","link":"https:\/\/apapachofest.com\/index.php\/gracias-dhyana-dakini\/","title":{"rendered":"Gracias Dhyana Dakini"},"content":{"rendered":"<p>[et_pb_section fb_built=\u00bb1&#8243; custom_padding_last_edited=\u00bbon|phone\u00bb disabled_on=\u00bboff|off|off\u00bb admin_label=\u00bbTestimonials Section\u00bb _builder_version=\u00bb4.23.1&#8243; background_color_gradient_direction=\u00bb75deg\u00bb custom_margin_tablet=\u00bb\u00bb custom_margin_phone=\u00bb0px||||false|false\u00bb custom_margin_last_edited=\u00bbon|phone\u00bb custom_padding=\u00bb0px|0px|105px|0px|false|false\u00bb custom_padding_tablet=\u00bb0px|0px|105px|0px|false|false\u00bb custom_padding_phone=\u00bb0px|0px|105px|0px|false|false\u00bb global_colors_info=\u00bb{}\u00bb theme_builder_area=\u00bbpost_content\u00bb][et_pb_row custom_padding_last_edited=\u00bbon|phone\u00bb _builder_version=\u00bb4.23.1&#8243; width=\u00bb60%\u00bb width_tablet=\u00bb\u00bb width_phone=\u00bb90%\u00bb width_last_edited=\u00bbon|phone\u00bb custom_padding_tablet=\u00bb\u00bb custom_padding_phone=\u00bb0px||||false|false\u00bb global_colors_info=\u00bb{}\u00bb theme_builder_area=\u00bbpost_content\u00bb][et_pb_column type=\u00bb4_4&#8243; _builder_version=\u00bb4.16&#8243; custom_padding=\u00bb|||\u00bb global_colors_info=\u00bb{}\u00bb custom_padding__hover=\u00bb|||\u00bb theme_builder_area=\u00bbpost_content\u00bb][et_pb_image src=\u00bbhttps:\/\/apapachofest.com\/wp-content\/uploads\/2024\/03\/VID-20240131-WA0004_1_1.gif\u00bb title_text=\u00bbVID-20240131-WA0004_1_1&#8243; align=\u00bbcenter\u00bb _builder_version=\u00bb4.23.1&#8243; background_color=\u00bb#FFFFFF\u00bb width=\u00bb34%\u00bb width_tablet=\u00bb\u00bb width_phone=\u00bb70%\u00bb width_last_edited=\u00bbon|phone\u00bb custom_margin=\u00bb||0px||false|false\u00bb custom_padding=\u00bb||||false|false\u00bb locked=\u00bboff\u00bb global_colors_info=\u00bb{}\u00bb theme_builder_area=\u00bbpost_content\u00bb][\/et_pb_image][et_pb_text _builder_version=\u00bb4.23.1&#8243; text_font=\u00bb||||||||\u00bb text_text_color=\u00bb#000000&#8243; header_font=\u00bb||||||||\u00bb header_3_font=\u00bbRebel Kids||||||||\u00bb header_3_text_color=\u00bb#000000&#8243; header_3_font_size=\u00bb28px\u00bb text_orientation=\u00bbcenter\u00bb custom_margin=\u00bb-45px||17px|||\u00bb custom_margin_tablet=\u00bb-45px||17px|||\u00bb custom_margin_phone=\u00bb-28px||17px||false|false\u00bb custom_margin_last_edited=\u00bbon|phone\u00bb custom_padding=\u00bb0px|||||\u00bb locked=\u00bboff\u00bb global_colors_info=\u00bb{}\u00bb theme_builder_area=\u00bbpost_content\u00bb]<\/p>\n<h3>\u00a1Bienvenid@! Nos encantan las personas con las cosas claras.<\/h3>\n<p>[\/et_pb_text][et_pb_text _builder_version=\u00bb4.23.1&#8243; text_font=\u00bbRoboto Flex||||||||\u00bb text_text_color=\u00bb#000000&#8243; text_font_size=\u00bb20px\u00bb text_line_height=\u00bb1.6em\u00bb header_font=\u00bb||||||||\u00bb header_3_font=\u00bbPoppins||||||||\u00bb header_3_text_color=\u00bb#000000&#8243; header_3_font_size=\u00bb28px\u00bb header_3_line_height=\u00bb1.4em\u00bb text_orientation=\u00bbcenter\u00bb locked=\u00bboff\u00bb global_colors_info=\u00bb{}\u00bb theme_builder_area=\u00bbpost_content\u00bb]<\/p>\n<p style=\"text-align: left;\">1. Te hemos enviado el recibo a tu email. <strong>Rev\u00edsalo bien<\/strong> porque a veces las cosas importantes puede entrar en la bandeja de SPAM o correo no deseado.<\/p>\n<p style=\"text-align: left;\">2. A\u00f1ade el mail <a href=\"mailto:hugo@apapachofest.com\">hugo@apapachofest.com<\/a> a tu libreta de direcciones para no perderte ning\u00fan aviso y notificaci\u00f3n.<\/p>\n<p style=\"text-align: left;\">3. Prep\u00e1rate para el mejor evento de tu vida.<\/p>\n<p>[\/et_pb_text][et_pb_button button_url=\u00bbhttps:\/\/apapachofest.com\/wp-content\/uploads\/2024\/04\/Plantilla-Indicaciones-practicas-Apapacho-Fest.pdf\u00bb url_new_window=\u00bbon\u00bb button_text=\u00bbDescargar Indicaciones Pr\u00e1cticas\u00bb button_alignment=\u00bbcenter\u00bb _builder_version=\u00bb4.23.1&#8243; _module_preset=\u00bbdefault\u00bb custom_button=\u00bbon\u00bb button_text_color=\u00bb#FFFFFF\u00bb button_bg_color=\u00bb#b04c30&#8243; button_border_width=\u00bb0px\u00bb button_border_radius=\u00bb25px\u00bb button_font=\u00bbRoboto|700|||||||\u00bb button_icon=\u00bb&#xe092;||divi||400&#8243; button_on_hover=\u00bboff\u00bb global_colors_info=\u00bb{}\u00bb theme_builder_area=\u00bbpost_content\u00bb][\/et_pb_button][\/et_pb_column][\/et_pb_row][et_pb_row _builder_version=\u00bb4.23.1&#8243; _module_preset=\u00bbdefault\u00bb global_colors_info=\u00bb{}\u00bb theme_builder_area=\u00bbpost_content\u00bb][et_pb_column type=\u00bb4_4&#8243; _builder_version=\u00bb4.23.1&#8243; _module_preset=\u00bbdefault\u00bb global_colors_info=\u00bb{}\u00bb theme_builder_area=\u00bbpost_content\u00bb][et_pb_text _builder_version=\u00bb4.23.1&#8243; text_font=\u00bb||||||||\u00bb text_text_color=\u00bb#000000&#8243; header_font=\u00bb||||||||\u00bb header_text_color=\u00bb#2b7a13&#8243; header_font_size=\u00bb41px\u00bb header_3_font=\u00bbRebel Kids||||||||\u00bb header_3_text_color=\u00bb#175b08&#8243; header_3_font_size=\u00bb40px\u00bb header_3_line_height=\u00bb1.4em\u00bb text_orientation=\u00bbcenter\u00bb custom_margin=\u00bb19px|||||\u00bb locked=\u00bboff\u00bb global_colors_info=\u00bb{}\u00bb theme_builder_area=\u00bbpost_content\u00bb]<\/p>\n<h3>Aqu\u00ed tienes todos los beneficios por participar en Apapacho Fest<\/h3>\n<p>[\/et_pb_text][\/et_pb_column][\/et_pb_row][et_pb_row column_structure=\u00bb1_4,3_4&#8243; _builder_version=\u00bb4.23.1&#8243; _module_preset=\u00bbdefault\u00bb custom_margin=\u00bb53px|auto||auto||\u00bb locked=\u00bboff\u00bb global_colors_info=\u00bb{}\u00bb theme_builder_area=\u00bbpost_content\u00bb][et_pb_column type=\u00bb1_4&#8243; _builder_version=\u00bb4.23.1&#8243; _module_preset=\u00bbdefault\u00bb global_colors_info=\u00bb{}\u00bb theme_builder_area=\u00bbpost_content\u00bb][et_pb_image src=\u00bbhttps:\/\/apapachofest.com\/wp-content\/uploads\/2024\/06\/television-consciente-sponsor-apapacho-fest-colaboracion.png\u00bb title_text=\u00bbtelevision-consciente-sponsor-apapacho-fest-colaboracion\u00bb _builder_version=\u00bb4.23.1&#8243; _module_preset=\u00bbdefault\u00bb global_colors_info=\u00bb{}\u00bb theme_builder_area=\u00bbpost_content\u00bb][\/et_pb_image][\/et_pb_column][et_pb_column type=\u00bb3_4&#8243; _builder_version=\u00bb4.23.1&#8243; _module_preset=\u00bbdefault\u00bb global_colors_info=\u00bb{}\u00bb theme_builder_area=\u00bbpost_content\u00bb][et_pb_text _builder_version=\u00bb4.23.1&#8243; text_font=\u00bb||||||||\u00bb text_text_color=\u00bb#000000&#8243; header_font=\u00bb||||||||\u00bb header_3_font=\u00bbRebel Kids||||||||\u00bb header_3_text_color=\u00bb#000000&#8243; header_3_font_size=\u00bb28px\u00bb text_orientation=\u00bbcenter\u00bb custom_margin=\u00bb-45px||17px|||\u00bb custom_margin_tablet=\u00bb-45px||17px|||\u00bb custom_margin_phone=\u00bb-28px||17px||false|false\u00bb custom_margin_last_edited=\u00bbon|phone\u00bb custom_padding=\u00bb0px|||||\u00bb locked=\u00bboff\u00bb global_colors_info=\u00bb{}\u00bb theme_builder_area=\u00bbpost_content\u00bb]<\/p>\n<h3>Disfruta de tu DESCUENTO en Televisi\u00f3n Consciente<\/h3>\n<p>[\/et_pb_text][et_pb_text _builder_version=\u00bb4.23.1&#8243; _module_preset=\u00bbdefault\u00bb text_font=\u00bbRoboto Flex|300|||||||\u00bb text_text_color=\u00bb#000000&#8243; text_font_size=\u00bb16px\u00bb text_line_height=\u00bb1.5em\u00bb custom_margin=\u00bb19px||50px|||\u00bb text_font_size_tablet=\u00bb48px\u00bb text_font_size_phone=\u00bb20px\u00bb text_font_size_last_edited=\u00bbon|phone\u00bb global_colors_info=\u00bb{}\u00bb theme_builder_area=\u00bbpost_content\u00bb]<\/p>\n<p><strong><em>\u00bfC\u00f3mo disfrutar del acceso gratuito?<\/em><\/strong><\/p>\n<p><em>Simplemente activa tu cup\u00f3n <strong>Apacho<\/strong><\/em><strong><em>Fest_TVC<\/em><\/strong><em>\u00a0para disfrutar de 1 mes gratis de suscripci\u00f3n a Televisi\u00f3n Consciente siguiendo estos sencillos pasos:<\/em><\/p>\n<p><em>Visita\u00a0<\/em><a href=\"https:\/\/www.televisionconsciente.com\/register\"><em>ESTE ENLACE<\/em><\/a><em>\u00a0y completa los 3 pasos que se indican:<\/em><\/p>\n<p>Paso 1: A\u00f1ade tu correo electr\u00f3nico y crea una contrase\u00f1a <br \/>Paso 2: Aplica el <strong>cup\u00f3n ApachoFest_TVC<\/strong> \u00a0en la secci\u00f3n habilitada <br \/>Paso 3: Introduce un m\u00e9todo de pago por si deseas continuar con la suscripci\u00f3n tras el mes gratuito. Puedes <strong>cancelar en cualquier momento <\/strong>sin ning\u00fan compromiso<\/p>\n<p>[\/et_pb_text][\/et_pb_column][\/et_pb_row][et_pb_row column_structure=\u00bb1_4,3_4&#8243; _builder_version=\u00bb4.23.1&#8243; _module_preset=\u00bbdefault\u00bb locked=\u00bboff\u00bb global_colors_info=\u00bb{}\u00bb theme_builder_area=\u00bbpost_content\u00bb][et_pb_column type=\u00bb1_4&#8243; _builder_version=\u00bb4.23.1&#8243; _module_preset=\u00bbdefault\u00bb global_colors_info=\u00bb{}\u00bb theme_builder_area=\u00bbpost_content\u00bb][et_pb_image src=\u00bbhttps:\/\/apapachofest.com\/wp-content\/uploads\/2024\/06\/biomusic-one-sponsor-apapacho-fest.png\u00bb title_text=\u00bbbiomusic-one-sponsor-apapacho-fest\u00bb _builder_version=\u00bb4.23.1&#8243; _module_preset=\u00bbdefault\u00bb global_colors_info=\u00bb{}\u00bb theme_builder_area=\u00bbpost_content\u00bb][\/et_pb_image][\/et_pb_column][et_pb_column type=\u00bb3_4&#8243; _builder_version=\u00bb4.23.1&#8243; _module_preset=\u00bbdefault\u00bb global_colors_info=\u00bb{}\u00bb theme_builder_area=\u00bbpost_content\u00bb][et_pb_text _builder_version=\u00bb4.23.1&#8243; text_font=\u00bb||||||||\u00bb text_text_color=\u00bb#000000&#8243; header_font=\u00bb||||||||\u00bb header_3_font=\u00bbRebel Kids||||||||\u00bb header_3_text_color=\u00bb#000000&#8243; header_3_font_size=\u00bb28px\u00bb text_orientation=\u00bbcenter\u00bb custom_margin=\u00bb-45px||17px|||\u00bb custom_margin_tablet=\u00bb-45px||17px|||\u00bb custom_margin_phone=\u00bb-28px||17px||false|false\u00bb custom_margin_last_edited=\u00bbon|phone\u00bb custom_padding=\u00bb0px|||||\u00bb locked=\u00bboff\u00bb global_colors_info=\u00bb{}\u00bb theme_builder_area=\u00bbpost_content\u00bb]<\/p>\n<h3>Disfruta de tu DESCUENTO en BioMusic One<\/h3>\n<p>[\/et_pb_text][et_pb_text _builder_version=\u00bb4.23.1&#8243; _module_preset=\u00bbdefault\u00bb text_font=\u00bbRoboto Flex|300|||||||\u00bb text_text_color=\u00bb#000000&#8243; text_font_size=\u00bb16px\u00bb text_line_height=\u00bb1.5em\u00bb custom_margin=\u00bb19px||50px|||\u00bb text_font_size_tablet=\u00bb48px\u00bb text_font_size_phone=\u00bb20px\u00bb text_font_size_last_edited=\u00bbon|phone\u00bb global_colors_info=\u00bb{}\u00bb theme_builder_area=\u00bbpost_content\u00bb]<\/p>\n<p>Con tu participaci\u00f3n en <strong>Apacho Fest\u00a0<\/strong>podr\u00e1s disfrutar de un 10% de descuento en todos los albumes de Biomusic One. Al realizar tu reserva recibir\u00e1s un c\u00f3digo descuento para que lo uses cuando t\u00fa quieras. <em>Bio Music One<\/em><span>\u00a0es un innovador proceso audio-activo y metas\u00f3nico en un medio art\u00edstico musical original para acceder\u00a0<\/span><em>a<\/em><span> un mejor bienestar y una mayor conciencia. Solamente introduce este c\u00f3digo cup\u00f3n en el momento de tu compra: BIOMUSICAPA10<\/span><\/p>\n<p>[\/et_pb_text][\/et_pb_column][\/et_pb_row][\/et_pb_section][et_pb_section fb_built=\u00bb1&#8243; _builder_version=\u00bb4.23.1&#8243; background_color=\u00bb#004441&#8243; custom_padding=\u00bb0px|0px|0|0px|false|false\u00bb locked=\u00bboff\u00bb global_colors_info=\u00bb{}\u00bb theme_builder_area=\u00bbpost_content\u00bb][et_pb_row _builder_version=\u00bb4.16&#8243; global_colors_info=\u00bb{}\u00bb theme_builder_area=\u00bbpost_content\u00bb][et_pb_column type=\u00bb4_4&#8243; _builder_version=\u00bb4.16&#8243; custom_padding=\u00bb|||\u00bb global_colors_info=\u00bb{}\u00bb custom_padding__hover=\u00bb|||\u00bb theme_builder_area=\u00bbpost_content\u00bb][et_pb_text _builder_version=\u00bb4.23.1&#8243; text_font=\u00bb||||||||\u00bb text_text_color=\u00bb#ffffff\u00bb global_colors_info=\u00bb{}\u00bb theme_builder_area=\u00bbpost_content\u00bb]<\/p>\n<p style=\"text-align: center;\"><span>Apapacho Festival 2024 \u00ae | Un Festival Organizado por Solteros Conscientes<\/span><\/p>\n<p>[\/et_pb_text][\/et_pb_column][\/et_pb_row][\/et_pb_section]<\/p>\n","protected":false},"excerpt":{"rendered":"<p>\u00a1Bienvenid@! Nos encantan las personas con las cosas claras.1. Te hemos enviado el recibo a tu email. Rev\u00edsalo bien porque a veces las cosas importantes puede entrar en la bandeja de SPAM o correo no deseado. 2. A\u00f1ade el mail hugo@apapachofest.com a tu libreta de direcciones para no perderte ning\u00fan aviso y notificaci\u00f3n. 3. Prep\u00e1rate [&hellip;]<\/p>\n","protected":false},"author":1,"featured_media":0,"parent":0,"menu_order":0,"comment_status":"closed","ping_status":"closed","template":"","meta":{"_et_pb_use_builder":"on","_et_pb_old_content":"","_et_gb_content_width":"","footnotes":""},"class_list":["post-39196","page","type-page","status-publish","hentry"],"yoast_head":"<!-- This site is optimized with the Yoast SEO plugin v27.4 - https:\/\/yoast.com\/product\/yoast-seo-wordpress\/ -->\n<title>Gracias Dhyana Dakini - Apapacho Festival<\/title>\n<meta name=\"robots\" content=\"index, follow, max-snippet:-1, max-image-preview:large, max-video-preview:-1\" \/>\n<link rel=\"canonical\" href=\"https:\/\/apapachofest.com\/index.php\/gracias-dhyana-dakini\/\" \/>\n<meta property=\"og:locale\" content=\"es_ES\" \/>\n<meta property=\"og:type\" content=\"article\" \/>\n<meta property=\"og:title\" content=\"Gracias Dhyana Dakini - Apapacho Festival\" \/>\n<meta property=\"og:description\" content=\"\u00a1Bienvenid@! Nos encantan las personas con las cosas claras.1. Te hemos enviado el recibo a tu email. Rev\u00edsalo bien porque a veces las cosas importantes puede entrar en la bandeja de SPAM o correo no deseado. 2. A\u00f1ade el mail hugo@apapachofest.com a tu libreta de direcciones para no perderte ning\u00fan aviso y notificaci\u00f3n. 3. Prep\u00e1rate [&hellip;]\" \/>\n<meta property=\"og:url\" content=\"https:\/\/apapachofest.com\/index.php\/gracias-dhyana-dakini\/\" \/>\n<meta property=\"og:site_name\" content=\"Apapacho Festival\" \/>\n<meta property=\"article:publisher\" content=\"https:\/\/www.facebook.com\/apapachofest\/\" \/>\n<meta property=\"article:modified_time\" content=\"2024-07-25T08:18:50+00:00\" \/>\n<meta name=\"twitter:card\" content=\"summary_large_image\" \/>\n<meta name=\"twitter:label1\" content=\"Tiempo de lectura\" \/>\n\t<meta name=\"twitter:data1\" content=\"6 minutos\" \/>\n<script type=\"application\/ld+json\" class=\"yoast-schema-graph\">{\"@context\":\"https:\\\/\\\/schema.org\",\"@graph\":[{\"@type\":\"WebPage\",\"@id\":\"https:\\\/\\\/apapachofest.com\\\/index.php\\\/gracias-dhyana-dakini\\\/\",\"url\":\"https:\\\/\\\/apapachofest.com\\\/index.php\\\/gracias-dhyana-dakini\\\/\",\"name\":\"Gracias Dhyana Dakini - Apapacho Festival\",\"isPartOf\":{\"@id\":\"https:\\\/\\\/apapachofest.com\\\/#website\"},\"datePublished\":\"2024-07-25T08:18:48+00:00\",\"dateModified\":\"2024-07-25T08:18:50+00:00\",\"breadcrumb\":{\"@id\":\"https:\\\/\\\/apapachofest.com\\\/index.php\\\/gracias-dhyana-dakini\\\/#breadcrumb\"},\"inLanguage\":\"es\",\"potentialAction\":[{\"@type\":\"ReadAction\",\"target\":[\"https:\\\/\\\/apapachofest.com\\\/index.php\\\/gracias-dhyana-dakini\\\/\"]}]},{\"@type\":\"BreadcrumbList\",\"@id\":\"https:\\\/\\\/apapachofest.com\\\/index.php\\\/gracias-dhyana-dakini\\\/#breadcrumb\",\"itemListElement\":[{\"@type\":\"ListItem\",\"position\":1,\"name\":\"Portada\",\"item\":\"https:\\\/\\\/apapachofest.com\\\/\"},{\"@type\":\"ListItem\",\"position\":2,\"name\":\"Gracias Dhyana Dakini\"}]},{\"@type\":\"WebSite\",\"@id\":\"https:\\\/\\\/apapachofest.com\\\/#website\",\"url\":\"https:\\\/\\\/apapachofest.com\\\/\",\"name\":\"Apapacho Fest\",\"description\":\"El Mayor Festival de Habla Hispana sobre Relaciones Conscientes\",\"publisher\":{\"@id\":\"https:\\\/\\\/apapachofest.com\\\/#organization\"},\"potentialAction\":[{\"@type\":\"SearchAction\",\"target\":{\"@type\":\"EntryPoint\",\"urlTemplate\":\"https:\\\/\\\/apapachofest.com\\\/?s={search_term_string}\"},\"query-input\":{\"@type\":\"PropertyValueSpecification\",\"valueRequired\":true,\"valueName\":\"search_term_string\"}}],\"inLanguage\":\"es\"},{\"@type\":\"Organization\",\"@id\":\"https:\\\/\\\/apapachofest.com\\\/#organization\",\"name\":\"Apapacho Fest\",\"url\":\"https:\\\/\\\/apapachofest.com\\\/\",\"logo\":{\"@type\":\"ImageObject\",\"inLanguage\":\"es\",\"@id\":\"https:\\\/\\\/apapachofest.com\\\/#\\\/schema\\\/logo\\\/image\\\/\",\"url\":\"https:\\\/\\\/apapachofest.com\\\/wp-content\\\/uploads\\\/2025\\\/08\\\/HQ1.jpg\",\"contentUrl\":\"https:\\\/\\\/apapachofest.com\\\/wp-content\\\/uploads\\\/2025\\\/08\\\/HQ1.jpg\",\"width\":1500,\"height\":1500,\"caption\":\"Apapacho Fest\"},\"image\":{\"@id\":\"https:\\\/\\\/apapachofest.com\\\/#\\\/schema\\\/logo\\\/image\\\/\"},\"sameAs\":[\"https:\\\/\\\/www.facebook.com\\\/apapachofest\\\/\",\"https:\\\/\\\/www.instagram.com\\\/apapachofest\\\/\"]}]}<\/script>\n<!-- \/ Yoast SEO plugin. -->","yoast_head_json":{"title":"Gracias Dhyana Dakini - Apapacho Festival","robots":{"index":"index","follow":"follow","max-snippet":"max-snippet:-1","max-image-preview":"max-image-preview:large","max-video-preview":"max-video-preview:-1"},"canonical":"https:\/\/apapachofest.com\/index.php\/gracias-dhyana-dakini\/","og_locale":"es_ES","og_type":"article","og_title":"Gracias Dhyana Dakini - Apapacho Festival","og_description":"\u00a1Bienvenid@! Nos encantan las personas con las cosas claras.1. Te hemos enviado el recibo a tu email. Rev\u00edsalo bien porque a veces las cosas importantes puede entrar en la bandeja de SPAM o correo no deseado. 2. A\u00f1ade el mail hugo@apapachofest.com a tu libreta de direcciones para no perderte ning\u00fan aviso y notificaci\u00f3n. 3. Prep\u00e1rate [&hellip;]","og_url":"https:\/\/apapachofest.com\/index.php\/gracias-dhyana-dakini\/","og_site_name":"Apapacho Festival","article_publisher":"https:\/\/www.facebook.com\/apapachofest\/","article_modified_time":"2024-07-25T08:18:50+00:00","twitter_card":"summary_large_image","twitter_misc":{"Tiempo de lectura":"6 minutos"},"schema":{"@context":"https:\/\/schema.org","@graph":[{"@type":"WebPage","@id":"https:\/\/apapachofest.com\/index.php\/gracias-dhyana-dakini\/","url":"https:\/\/apapachofest.com\/index.php\/gracias-dhyana-dakini\/","name":"Gracias Dhyana Dakini - Apapacho Festival","isPartOf":{"@id":"https:\/\/apapachofest.com\/#website"},"datePublished":"2024-07-25T08:18:48+00:00","dateModified":"2024-07-25T08:18:50+00:00","breadcrumb":{"@id":"https:\/\/apapachofest.com\/index.php\/gracias-dhyana-dakini\/#breadcrumb"},"inLanguage":"es","potentialAction":[{"@type":"ReadAction","target":["https:\/\/apapachofest.com\/index.php\/gracias-dhyana-dakini\/"]}]},{"@type":"BreadcrumbList","@id":"https:\/\/apapachofest.com\/index.php\/gracias-dhyana-dakini\/#breadcrumb","itemListElement":[{"@type":"ListItem","position":1,"name":"Portada","item":"https:\/\/apapachofest.com\/"},{"@type":"ListItem","position":2,"name":"Gracias Dhyana Dakini"}]},{"@type":"WebSite","@id":"https:\/\/apapachofest.com\/#website","url":"https:\/\/apapachofest.com\/","name":"Apapacho Fest","description":"El Mayor Festival de Habla Hispana sobre Relaciones Conscientes","publisher":{"@id":"https:\/\/apapachofest.com\/#organization"},"potentialAction":[{"@type":"SearchAction","target":{"@type":"EntryPoint","urlTemplate":"https:\/\/apapachofest.com\/?s={search_term_string}"},"query-input":{"@type":"PropertyValueSpecification","valueRequired":true,"valueName":"search_term_string"}}],"inLanguage":"es"},{"@type":"Organization","@id":"https:\/\/apapachofest.com\/#organization","name":"Apapacho Fest","url":"https:\/\/apapachofest.com\/","logo":{"@type":"ImageObject","inLanguage":"es","@id":"https:\/\/apapachofest.com\/#\/schema\/logo\/image\/","url":"https:\/\/apapachofest.com\/wp-content\/uploads\/2025\/08\/HQ1.jpg","contentUrl":"https:\/\/apapachofest.com\/wp-content\/uploads\/2025\/08\/HQ1.jpg","width":1500,"height":1500,"caption":"Apapacho Fest"},"image":{"@id":"https:\/\/apapachofest.com\/#\/schema\/logo\/image\/"},"sameAs":["https:\/\/www.facebook.com\/apapachofest\/","https:\/\/www.instagram.com\/apapachofest\/"]}]}},"_links":{"self":[{"href":"https:\/\/apapachofest.com\/index.php\/wp-json\/wp\/v2\/pages\/39196","targetHints":{"allow":["GET"]}}],"collection":[{"href":"https:\/\/apapachofest.com\/index.php\/wp-json\/wp\/v2\/pages"}],"about":[{"href":"https:\/\/apapachofest.com\/index.php\/wp-json\/wp\/v2\/types\/page"}],"author":[{"embeddable":true,"href":"https:\/\/apapachofest.com\/index.php\/wp-json\/wp\/v2\/users\/1"}],"replies":[{"embeddable":true,"href":"https:\/\/apapachofest.com\/index.php\/wp-json\/wp\/v2\/comments?post=39196"}],"version-history":[{"count":2,"href":"https:\/\/apapachofest.com\/index.php\/wp-json\/wp\/v2\/pages\/39196\/revisions"}],"predecessor-version":[{"id":39198,"href":"https:\/\/apapachofest.com\/index.php\/wp-json\/wp\/v2\/pages\/39196\/revisions\/39198"}],"wp:attachment":[{"href":"https:\/\/apapachofest.com\/index.php\/wp-json\/wp\/v2\/media?parent=39196"}],"curies":[{"name":"wp","href":"https:\/\/api.w.org\/{rel}","templated":true}]}}